{"id":6321,"date":"2025-11-19T23:37:56","date_gmt":"2025-11-20T02:37:56","guid":{"rendered":"https:\/\/isfd805-chu.infd.edu.ar\/sitio\/?page_id=6321"},"modified":"2025-11-27T16:55:13","modified_gmt":"2025-11-27T19:55:13","slug":"elecciones-equipo-directivo-2026","status":"publish","type":"page","link":"https:\/\/isfd805-chu.infd.edu.ar\/sitio\/elecciones-equipo-directivo-2026\/","title":{"rendered":"Elecciones Equipo Directivo 2026"},"content":{"rendered":"<p style=\"text-align: right;\"><span style=\"color: #0000ff;\"><strong>Trelew, &#8211; 19 de noviembre de 2025<\/strong><\/span><\/p>\n<p><b>LLAMADO A ELECCIONES EQUIPO DIRECTIVO\u00a0<\/b><\/p>\n<div><span style=\"font-family: arial, sans-serif;\">De acuerdo con lo indicado en la Disposici\u00f3n N\u00ba 403\/2025 DGES, y luego de constituida la Junta Electoral consecuentemente con lo propuesto en el Art\u00edculo 4\u00ba del \u201cAnexo Regimen Electoral del ROM\u201d, se realiza\u00a0<b>convocatoria a elecciones para cubrir los cargos de Equipo Directivo del Instituto.<\/b><\/span><\/div>\n<div><span style=\"font-family: arial, sans-serif;\">\u00a0<\/span><\/div>\n<div><span style=\"font-family: arial, sans-serif;\"><img decoding=\"async\" class=\"an1\" draggable=\"false\" src=\"https:\/\/fonts.gstatic.com\/s\/e\/notoemoji\/16.0\/1f5d3_fe0f\/32.png\" alt=\"&#x1f5d3;&#xfe0f;\" data-emoji=\"&#x1f5d3;&#xfe0f;\" aria-label=\"&#x1f5d3;&#xfe0f;\" \/>\u00a0Desde hoy\u00a019 de noviembre de 2025 y hasta las 10:00 hs. del 19 de diciembre de 2025, el per\u00edodo de presentaci\u00f3n de f\u00f3rmulas a la Junta Electoral.<\/span><\/div>\n<div><span style=\"font-family: arial, sans-serif;\">Por consultas pueden dirigirse a la Junta Electoral:\u00a0<a href=\"mailto:jelectoral.805@gmail.com\" target=\"_blank\" rel=\"noopener\">jelectoral.805@gmail.com<\/a>\u00a0<\/span><\/div>\n<div><\/div>\n<div><\/div>\n<div><\/div>\n<h4 style=\"text-align: center;\"><a href=\"https:\/\/isfd805-chu.infd.edu.ar\/sitio\/wp-content\/uploads\/2025\/11\/LLAMADO-A-ELECCIONES-EQUIPO-DIRECTIVO-2026.pdf\">&#8212;&#8212;&gt;\u00a0 Descargar llamado &lt;&#8212;&#8212;<\/a><\/h4>\n","protected":false},"excerpt":{"rendered":"<p>Trelew, &#8211; 19 de noviembre de 2025 LLAMADO A ELECCIONES EQUIPO DIRECTIVO\u00a0 De acuerdo con lo indicado en la Disposici\u00f3n N\u00ba 403\/2025 DGES, y luego de constituida la Junta Electoral consecuentemente con lo propuesto en el Art\u00edculo 4\u00ba del \u201cAnexo Regimen Electoral del ROM\u201d, se realiza\u00a0convocatoria a elecciones para cubrir los cargos de Equipo Directivo &#8230; <a title=\"Elecciones Equipo Directivo 2026\" class=\"read-more\" href=\"https:\/\/isfd805-chu.infd.edu.ar\/sitio\/elecciones-equipo-directivo-2026\/\" aria-label=\"More on Elecciones Equipo Directivo 2026\">[+]<\/a><\/p>\n","protected":false},"author":985,"featured_media":0,"parent":0,"menu_order":0,"comment_status":"closed","ping_status":"closed","template":"","meta":[],"acf":[],"_links":{"self":[{"href":"https:\/\/isfd805-chu.infd.edu.ar\/sitio\/wp-json\/wp\/v2\/pages\/6321"}],"collection":[{"href":"https:\/\/isfd805-chu.infd.edu.ar\/sitio\/wp-json\/wp\/v2\/pages"}],"about":[{"href":"https:\/\/isfd805-chu.infd.edu.ar\/sitio\/wp-json\/wp\/v2\/types\/page"}],"author":[{"embeddable":true,"href":"https:\/\/isfd805-chu.infd.edu.ar\/sitio\/wp-json\/wp\/v2\/users\/985"}],"replies":[{"embeddable":true,"href":"https:\/\/isfd805-chu.infd.edu.ar\/sitio\/wp-json\/wp\/v2\/comments?post=6321"}],"version-history":[{"count":4,"href":"https:\/\/isfd805-chu.infd.edu.ar\/sitio\/wp-json\/wp\/v2\/pages\/6321\/revisions"}],"predecessor-version":[{"id":6348,"href":"https:\/\/isfd805-chu.infd.edu.ar\/sitio\/wp-json\/wp\/v2\/pages\/6321\/revisions\/6348"}],"wp:attachment":[{"href":"https:\/\/isfd805-chu.infd.edu.ar\/sitio\/wp-json\/wp\/v2\/media?parent=6321"}],"curies":[{"name":"wp","href":"https:\/\/api.w.org\/{rel}","templated":true}]}}