{"id":318,"date":"2016-10-31T14:20:44","date_gmt":"2016-10-31T17:20:44","guid":{"rendered":"https:\/\/isfd805-chu.infd.edu.ar\/sitio\/?page_id=318"},"modified":"2026-03-13T16:55:22","modified_gmt":"2026-03-13T19:55:22","slug":"contacto","status":"publish","type":"page","link":"https:\/\/isfd805-chu.infd.edu.ar\/sitio\/contacto\/","title":{"rendered":"contacto mail"},"content":{"rendered":"<p>&nbsp;<\/p>\n<h2>Comunicate con nosotros:<\/h2>\n<ul>\n<li>Direcci\u00f3n:\u00a0<img decoding=\"async\" loading=\"lazy\" class=\"alignnone wp-image-3148\" src=\"https:\/\/isfd805-chu.infd.edu.ar\/sitio\/wp-content\/uploads\/2021\/04\/sobre.jpg\" alt=\"\" width=\"28\" height=\"25\" \/>\u00a0<a href=\"mailto:isfd805@chubut.edu.ar\">isfd805@chubut.edu.ar<\/a><\/li>\n<li>Secretar\u00eda:\u00a0<img decoding=\"async\" loading=\"lazy\" class=\"alignnone wp-image-3148\" src=\"https:\/\/isfd805-chu.infd.edu.ar\/sitio\/wp-content\/uploads\/2021\/04\/sobre.jpg\" alt=\"\" width=\"28\" height=\"25\" \/>\u00a0<a href=\"mailto:secretariaisfda805@gmail.com\">secretariaisfda805@gmail.com<\/a><\/li>\n<li>Bedel\u00eda: <img decoding=\"async\" loading=\"lazy\" class=\"alignnone wp-image-3148\" src=\"https:\/\/isfd805-chu.infd.edu.ar\/sitio\/wp-content\/uploads\/2021\/04\/sobre.jpg\" alt=\"\" width=\"28\" height=\"25\" \/>\u00a0<a href=\"mailto:bedelia805@yahoo.com.ar\">bedelia805@yahoo.com.ar<\/a><\/li>\n<li>\u00c1rea de Comunicaci\u00f3n Institucional: <img decoding=\"async\" loading=\"lazy\" class=\"alignnone wp-image-3148\" src=\"https:\/\/isfd805-chu.infd.edu.ar\/sitio\/wp-content\/uploads\/2021\/04\/sobre.jpg\" alt=\"\" width=\"28\" height=\"25\" \/>\u00a0<a href=\"mailto:comunicacionescueladearte@gmail.com\">comunicacionescueladearte@gmail.com<\/a><\/li>\n<li>Secretar\u00eda Acad\u00e9mica: <img decoding=\"async\" loading=\"lazy\" class=\"alignnone wp-image-3148\" src=\"https:\/\/isfd805-chu.infd.edu.ar\/sitio\/wp-content\/uploads\/2021\/04\/sobre.jpg\" alt=\"\" width=\"28\" height=\"25\" \/>\u00a0<a href=\"mailto:secretaria.academica805@gmail.com\">secretaria.academica805@gmail.com<\/a>\n<\/li>\n<li>Coordinadores de Carrera:\n<ul>\n<li>M\u00fasica: Ariel Marchese <img decoding=\"async\" loading=\"lazy\" class=\"alignnone wp-image-3148\" src=\"https:\/\/isfd805-chu.infd.edu.ar\/sitio\/wp-content\/uploads\/2021\/04\/sobre.jpg\" alt=\"\" width=\"28\" height=\"25\" \/> <a href=\"mailto:musicoordinacionisfda805@gmail.com\" target=\"_blank\" rel=\"noopener\">musicoordinacionisfda805@gmail.<wbr \/>com<\/a><\/li>\n<li>Artes Visuales: Daniela Mastrandrea\u00a0 \u00a0<img decoding=\"async\" loading=\"lazy\" class=\"alignnone wp-image-3148\" src=\"https:\/\/isfd805-chu.infd.edu.ar\/sitio\/wp-content\/uploads\/2021\/04\/sobre.jpg\" alt=\"\" width=\"28\" height=\"25\" \/>\u00a0<a href=\"mailto:coordinaciondeartesvisuales.805@gmail.com\">coordinaciondeartesvisuales.805@gmail.com<\/a><\/li>\n<li>Teatro: Natalia Lavena <img decoding=\"async\" loading=\"lazy\" class=\"alignnone wp-image-3148\" src=\"https:\/\/isfd805-chu.infd.edu.ar\/sitio\/wp-content\/uploads\/2021\/04\/sobre.jpg\" alt=\"\" width=\"28\" height=\"25\" \/> <a href=\"mailto:coordinacionteatro805@gmail.com\" target=\"_blank\" rel=\"noopener\">coordinacionteatro805@<wbr \/>gmail.com<\/a><\/li>\n<li>Locuci\u00f3n: Nadia Soto <img decoding=\"async\" loading=\"lazy\" class=\"alignnone wp-image-3148\" src=\"https:\/\/isfd805-chu.infd.edu.ar\/sitio\/wp-content\/uploads\/2021\/04\/sobre.jpg\" alt=\"\" width=\"28\" height=\"25\" \/> <a href=\"mailto:nadiafsoto@gmail.com\">nadiafsoto@gmail.com<\/a><\/li>\n<li>Danzas: Yamand\u00fa Gil Moya <img decoding=\"async\" loading=\"lazy\" class=\"alignnone wp-image-3148\" src=\"https:\/\/isfd805-chu.infd.edu.ar\/sitio\/wp-content\/uploads\/2021\/04\/sobre.jpg\" alt=\"\" width=\"28\" height=\"25\" \/> <a href=\"mailto:coordinacion.danza805@gmail.com\">coordinacion.danza805@gmail.com<\/a><\/li>\n<li>Tecnicatura Gesti\u00f3n Cultural: <img decoding=\"async\" loading=\"lazy\" class=\"alignnone wp-image-3148\" src=\"https:\/\/isfd805-chu.infd.edu.ar\/sitio\/wp-content\/uploads\/2021\/04\/sobre.jpg\" alt=\"\" width=\"28\" height=\"25\" \/> <a href=\"mailto:emggaiman@gmail.com\">emggaiman@gmail.com<\/a><\/li>\n<\/ul>\n<\/li>\n<li>Coordinaci\u00f3n de Desarrollo Profesional y Acompa\u00f1amiento Pedag\u00f3gico:\u00a0 <img decoding=\"async\" loading=\"lazy\" class=\"alignnone wp-image-3148\" src=\"https:\/\/isfd805-chu.infd.edu.ar\/sitio\/wp-content\/uploads\/2021\/04\/sobre.jpg\" alt=\"\" width=\"28\" height=\"25\" \/> <a href=\"mailto:psicopvivianadelfino3@gmail.com\">psicopvivianadelfino3@gmail.com<\/a><\/li>\n<li>Coordinaci\u00f3n de Investigaci\u00f3n: <img decoding=\"async\" loading=\"lazy\" class=\"alignnone wp-image-3148\" src=\"https:\/\/isfd805-chu.infd.edu.ar\/sitio\/wp-content\/uploads\/2021\/04\/sobre.jpg\" alt=\"\" width=\"28\" height=\"25\" \/>\u00a0<a href=\"mailto:investigacionartistica805@gmail.com\">investigacionartistica805@gmail.com<\/a><\/li>\n<li>Talleres de Formaci\u00f3n Art\u00edstica Vocacional:\u00a0<img decoding=\"async\" loading=\"lazy\" class=\"alignnone wp-image-3148\" src=\"https:\/\/isfd805-chu.infd.edu.ar\/sitio\/wp-content\/uploads\/2021\/04\/sobre.jpg\" alt=\"\" width=\"28\" height=\"25\" \/>\u00a0<a href=\"mailto:fav805trelew@gmail.com\">fav805trelew@gmail.com<\/a><\/li>\n<li>Biblioteca:\u00a0<img decoding=\"async\" loading=\"lazy\" class=\"alignnone wp-image-3148\" src=\"https:\/\/isfd805-chu.infd.edu.ar\/sitio\/wp-content\/uploads\/2021\/04\/sobre.jpg\" alt=\"\" width=\"28\" height=\"25\" \/>\u00a0<a href=\"mailto:biblioteca805tw@gmail.com\">biblioteca805tw@gmail.com<\/a><\/li>\n<\/ul>\n","protected":false},"excerpt":{"rendered":"<p>&nbsp; Comunicate con nosotros: Direcci\u00f3n:\u00a0\u00a0isfd805@chubut.edu.ar Secretar\u00eda:\u00a0\u00a0secretariaisfda805@gmail.com Bedel\u00eda: \u00a0bedelia805@yahoo.com.ar \u00c1rea de Comunicaci\u00f3n Institucional: \u00a0comunicacionescueladearte@gmail.com Secretar\u00eda Acad\u00e9mica: \u00a0secretaria.academica805@gmail.com Coordinadores de Carrera: M\u00fasica: Ariel Marchese musicoordinacionisfda805@gmail.com Artes Visuales: Daniela Mastrandrea\u00a0 \u00a0\u00a0coordinaciondeartesvisuales.805@gmail.com Teatro: Natalia Lavena coordinacionteatro805@gmail.com Locuci\u00f3n: Nadia Soto nadiafsoto@gmail.com Danzas: Yamand\u00fa Gil Moya coordinacion.danza805@gmail.com Tecnicatura Gesti\u00f3n Cultural: emggaiman@gmail.com Coordinaci\u00f3n de Desarrollo Profesional y Acompa\u00f1amiento Pedag\u00f3gico:\u00a0 psicopvivianadelfino3@gmail.com Coordinaci\u00f3n de &#8230; <a title=\"contacto mail\" class=\"read-more\" href=\"https:\/\/isfd805-chu.infd.edu.ar\/sitio\/contacto\/\" aria-label=\"More on contacto mail\">[+]<\/a><\/p>\n","protected":false},"author":1,"featured_media":0,"parent":0,"menu_order":0,"comment_status":"closed","ping_status":"closed","template":"","meta":[],"acf":[],"_links":{"self":[{"href":"https:\/\/isfd805-chu.infd.edu.ar\/sitio\/wp-json\/wp\/v2\/pages\/318"}],"collection":[{"href":"https:\/\/isfd805-chu.infd.edu.ar\/sitio\/wp-json\/wp\/v2\/pages"}],"about":[{"href":"https:\/\/isfd805-chu.infd.edu.ar\/sitio\/wp-json\/wp\/v2\/types\/page"}],"author":[{"embeddable":true,"href":"https:\/\/isfd805-chu.infd.edu.ar\/sitio\/wp-json\/wp\/v2\/users\/1"}],"replies":[{"embeddable":true,"href":"https:\/\/isfd805-chu.infd.edu.ar\/sitio\/wp-json\/wp\/v2\/comments?post=318"}],"version-history":[{"count":45,"href":"https:\/\/isfd805-chu.infd.edu.ar\/sitio\/wp-json\/wp\/v2\/pages\/318\/revisions"}],"predecessor-version":[{"id":6461,"href":"https:\/\/isfd805-chu.infd.edu.ar\/sitio\/wp-json\/wp\/v2\/pages\/318\/revisions\/6461"}],"wp:attachment":[{"href":"https:\/\/isfd805-chu.infd.edu.ar\/sitio\/wp-json\/wp\/v2\/media?parent=318"}],"curies":[{"name":"wp","href":"https:\/\/api.w.org\/{rel}","templated":true}]}}