{"id":1982,"date":"2018-08-30T17:57:47","date_gmt":"2018-08-30T20:57:47","guid":{"rendered":"https:\/\/isfd805-chu.infd.edu.ar\/sitio\/amigos-de-la-biblioteca\/"},"modified":"2019-03-29T20:07:39","modified_gmt":"2019-03-29T23:07:39","slug":"amigos-de-la-biblioteca","status":"publish","type":"page","link":"https:\/\/isfd805-chu.infd.edu.ar\/sitio\/biblioteca-2\/amigos-de-la-biblioteca\/","title":{"rendered":"Amigos de la Biblioteca"},"content":{"rendered":"<p><span style=\"font-family: tahoma,arial,helvetica,sans-serif; font-size: 10pt;\"><span style=\"color: #333399;\">Amigos de la Biblioteca<\/span> es un proyecto ligado a la biblioteca del Instituto Superior\u00a0de Formaci\u00f3n Docente Art\u00edstica N\u00b0 805. Se Consolid\u00f3 en el a\u00f1o 2013 ante la necesidad de\u00a0modificar la visi\u00f3n de nuestra biblioteca.<\/span><\/p>\n<p><span style=\"font-family: tahoma,arial,helvetica,sans-serif; font-size: 10pt;\">A partir de la implementaci\u00f3n de este proyecto se van delineando en conjunto nuevas actividades que consolidan el car\u00e1cter abierto y multidisciplinar de la Biblioteca, transform\u00e1ndose as\u00ed en un espacio socio cultural.<\/span><\/p>\n<p><span style=\"font-family: tahoma,arial,helvetica,sans-serif; font-size: 10pt;\">Entre los objetivos que perseguimos con la puesta en marcha de este nuevo proyecto se encuentran los de fomentar el h\u00e1bito lector y poseer un papel activo en el quehacer cultural del ISFDA N\u00b0805. Como as\u00ed tambi\u00e9n ser receptora de demandas y necesidades que surjan en la instituci\u00f3n.<\/span><\/p>\n<p><span style=\"font-family: tahoma,arial,helvetica,sans-serif; font-size: 10pt; text-decoration: underline;\"><strong>Objetivos:<\/strong><\/span><\/p>\n<ul>\n<li><span style=\"font-family: tahoma,arial,helvetica,sans-serif; font-size: 10pt;\">Conformar un grupo de Amigos de biblioteca durante el presente ciclo con personas que se re\u00fanan de forma peri\u00f3dica en la Biblioteca.<\/span><\/li>\n<li><span style=\"font-family: tahoma,arial,helvetica,sans-serif; font-size: 10pt;\">Lograr que la biblioteca se transforme en un centro din\u00e1mico un espacio de socializaci\u00f3n y de intercambio de ideas dentro de la Instituci\u00f3n.<\/span><\/li>\n<li><span style=\"font-family: tahoma,arial,helvetica,sans-serif; font-size: 10pt;\">Organizar una agenda de eventos que se llevar\u00e1n a cabo durante el presente a\u00f1o.<\/span><\/li>\n<\/ul>\n<p><span style=\"font-family: tahoma,arial,helvetica,sans-serif; font-size: 10pt;\">\u00a0<\/span><\/p>\n<p><strong><em><span style=\"font-size: 10pt;\">Nuestro m\u00e1s sincero agradecimiento al equipo de voluntarios, ya que sin ellos no hubiera sido posible haber hecho realidad este proyecto.<\/span><\/em><\/strong><\/p>\n<p>&nbsp;<\/p>\n<p><iframe loading=\"lazy\" src=\"\/\/slides.com\/pablotw\/deck\/embed?wmode=transparent\" width=\"576\" height=\"420\" frameborder=\"0\" scrolling=\"no\" allowfullscreen=\"allowfullscreen\"><\/iframe><\/p>\n<p>&nbsp;<\/p>\n","protected":false},"excerpt":{"rendered":"<p>Amigos de la Biblioteca es un proyecto ligado a la biblioteca del Instituto Superior\u00a0de Formaci\u00f3n Docente Art\u00edstica N\u00b0 805. Se Consolid\u00f3 en el a\u00f1o 2013 ante la necesidad de\u00a0modificar la visi\u00f3n de nuestra biblioteca. A partir de la implementaci\u00f3n de este proyecto se van delineando en conjunto nuevas actividades que consolidan el car\u00e1cter abierto y &#8230; <a title=\"Amigos de la Biblioteca\" class=\"read-more\" href=\"https:\/\/isfd805-chu.infd.edu.ar\/sitio\/biblioteca-2\/amigos-de-la-biblioteca\/\" aria-label=\"More on Amigos de la Biblioteca\">[+]<\/a><\/p>\n","protected":false},"author":985,"featured_media":0,"parent":1832,"menu_order":1,"comment_status":"closed","ping_status":"closed","template":"","meta":[],"acf":[],"_links":{"self":[{"href":"https:\/\/isfd805-chu.infd.edu.ar\/sitio\/wp-json\/wp\/v2\/pages\/1982"}],"collection":[{"href":"https:\/\/isfd805-chu.infd.edu.ar\/sitio\/wp-json\/wp\/v2\/pages"}],"about":[{"href":"https:\/\/isfd805-chu.infd.edu.ar\/sitio\/wp-json\/wp\/v2\/types\/page"}],"author":[{"embeddable":true,"href":"https:\/\/isfd805-chu.infd.edu.ar\/sitio\/wp-json\/wp\/v2\/users\/985"}],"replies":[{"embeddable":true,"href":"https:\/\/isfd805-chu.infd.edu.ar\/sitio\/wp-json\/wp\/v2\/comments?post=1982"}],"version-history":[{"count":1,"href":"https:\/\/isfd805-chu.infd.edu.ar\/sitio\/wp-json\/wp\/v2\/pages\/1982\/revisions"}],"predecessor-version":[{"id":2198,"href":"https:\/\/isfd805-chu.infd.edu.ar\/sitio\/wp-json\/wp\/v2\/pages\/1982\/revisions\/2198"}],"up":[{"embeddable":true,"href":"https:\/\/isfd805-chu.infd.edu.ar\/sitio\/wp-json\/wp\/v2\/pages\/1832"}],"wp:attachment":[{"href":"https:\/\/isfd805-chu.infd.edu.ar\/sitio\/wp-json\/wp\/v2\/media?parent=1982"}],"curies":[{"name":"wp","href":"https:\/\/api.w.org\/{rel}","templated":true}]}}