{"id":1965,"date":"2018-08-30T17:57:42","date_gmt":"2018-08-30T20:57:42","guid":{"rendered":"https:\/\/isfd805-chu.infd.edu.ar\/sitio\/catalogo-web\/"},"modified":"2018-09-06T18:39:56","modified_gmt":"2018-09-06T21:39:56","slug":"catalogo-web","status":"publish","type":"page","link":"https:\/\/isfd805-chu.infd.edu.ar\/sitio\/catalogo-web\/","title":{"rendered":"Cat\u00e1logo Web"},"content":{"rendered":"<p><img decoding=\"async\" loading=\"lazy\" src=\"https:\/\/isfd805-chu.infd.edu.ar\/sitio\/wp-content\/uploads\/2018\/08\/2xaXIpcScChkNimagen_incrustada1.png\" alt=\"\" width=\"647\" height=\"104\" border=\"0\" \/><\/p>\n<p style=\"text-align: justify;\"><span style=\"font-family: tahoma, arial, helvetica, sans-serif; font-size: 12pt;\">Nuestra biblioteca forma parte activa de este cat\u00e1logo unificado.<\/span><\/p>\n<p style=\"text-align: justify;\"><span style=\"font-family: tahoma, arial, helvetica, sans-serif; font-size: 12pt;\">El CEUCh re\u00fane las bases bibliogr\u00e1ficas de materiales librarios de las Bibliotecas Pedag\u00f3gicas, de las Bibliotecas de los Institutos Superiores y del Centro Provincial de Informaci\u00f3n Educativa.<\/span><\/p>\n<p style=\"text-align: justify;\"><span style=\"font-family: tahoma, arial, helvetica, sans-serif; font-size: 12pt;\">Pod\u00e9s consultar que bibliograf\u00eda tenemos en el siguiente link:<\/span><\/p>\n<p style=\"text-align: center;\"><a title=\"Cat\u00e1logo Educativo Unificado de Chubut\" href=\"http:\/\/www.chubut.edu.ar\/ceuch\/form.php\" target=\"_blank\" rel=\"noopener\"><span style=\"font-family: arial black,avant garde; font-size: 14pt;\"><strong>http:\/\/www.chubut.edu.ar\/ceuch\/form.php<\/strong><\/span><\/a><\/p>\n<p>&nbsp;<\/p>\n<p style=\"text-align: justify;\"><span style=\"font-size: 12pt; font-family: tahoma, arial, helvetica, sans-serif;\">Inventario de partituras disponibles<br \/>\n<\/span><\/p>\n<p style=\"text-align: justify;\"><span style=\"font-size: 12pt; font-family: tahoma, arial, helvetica, sans-serif;\">\u00a0\u00a0\u00a0\u00a0\u00a0\u00a0\u00a0 <a href=\"https:\/\/isfd805-chu.infd.edu.ar\/sitio\/wp-content\/uploads\/2018\/09\/INV-POR-AUTOR-PART18-compressed.pdf\"><img decoding=\"async\" loading=\"lazy\" class=\"alignnone size-full wp-image-1627\" src=\"https:\/\/isfd805-chu.infd.edu.ar\/sitio\/wp-content\/uploads\/2018\/08\/partitura.jpeg\" alt=\"\" width=\"114\" height=\"90\" \/><\/a><\/span><\/p>\n<p style=\"text-align: justify;\"><span style=\"font-size: 12pt; font-family: tahoma, arial, helvetica, sans-serif;\">Los grandes pintores<\/span><\/p>\n<p style=\"text-align: justify;\"><span style=\"font-size: 12pt; font-family: tahoma, arial, helvetica, sans-serif;\">\u00a0\u00a0\u00a0 <img decoding=\"async\" loading=\"lazy\" title=\"Pintores\" src=\"https:\/\/isfd805-chu.infd.edu.ar\/sitio\/wp-content\/uploads\/2018\/08\/pintores.gif\" alt=\"Pintores\" width=\"119\" height=\"96\" border=\"0\" \/><\/span><\/p>\n<p style=\"text-align: justify;\">\n","protected":false},"excerpt":{"rendered":"<p>Nuestra biblioteca forma parte activa de este cat\u00e1logo unificado. El CEUCh re\u00fane las bases bibliogr\u00e1ficas de materiales librarios de las Bibliotecas Pedag\u00f3gicas, de las Bibliotecas de los Institutos Superiores y del Centro Provincial de Informaci\u00f3n Educativa. Pod\u00e9s consultar que bibliograf\u00eda tenemos en el siguiente link: http:\/\/www.chubut.edu.ar\/ceuch\/form.php &nbsp; Inventario de partituras disponibles \u00a0\u00a0\u00a0\u00a0\u00a0\u00a0\u00a0 Los grandes pintores &#8230; <a title=\"Cat\u00e1logo Web\" class=\"read-more\" href=\"https:\/\/isfd805-chu.infd.edu.ar\/sitio\/catalogo-web\/\" aria-label=\"More on Cat\u00e1logo Web\">[+]<\/a><\/p>\n","protected":false},"author":985,"featured_media":0,"parent":0,"menu_order":0,"comment_status":"closed","ping_status":"closed","template":"","meta":[],"acf":[],"_links":{"self":[{"href":"https:\/\/isfd805-chu.infd.edu.ar\/sitio\/wp-json\/wp\/v2\/pages\/1965"}],"collection":[{"href":"https:\/\/isfd805-chu.infd.edu.ar\/sitio\/wp-json\/wp\/v2\/pages"}],"about":[{"href":"https:\/\/isfd805-chu.infd.edu.ar\/sitio\/wp-json\/wp\/v2\/types\/page"}],"author":[{"embeddable":true,"href":"https:\/\/isfd805-chu.infd.edu.ar\/sitio\/wp-json\/wp\/v2\/users\/985"}],"replies":[{"embeddable":true,"href":"https:\/\/isfd805-chu.infd.edu.ar\/sitio\/wp-json\/wp\/v2\/comments?post=1965"}],"version-history":[{"count":3,"href":"https:\/\/isfd805-chu.infd.edu.ar\/sitio\/wp-json\/wp\/v2\/pages\/1965\/revisions"}],"predecessor-version":[{"id":2033,"href":"https:\/\/isfd805-chu.infd.edu.ar\/sitio\/wp-json\/wp\/v2\/pages\/1965\/revisions\/2033"}],"wp:attachment":[{"href":"https:\/\/isfd805-chu.infd.edu.ar\/sitio\/wp-json\/wp\/v2\/media?parent=1965"}],"curies":[{"name":"wp","href":"https:\/\/api.w.org\/{rel}","templated":true}]}}