{"id":1911,"date":"2018-08-30T17:57:21","date_gmt":"2018-08-30T20:57:21","guid":{"rendered":"https:\/\/isfd805-chu.infd.edu.ar\/sitio\/calendario-tentativo-2018\/"},"modified":"2019-12-12T12:35:43","modified_gmt":"2019-12-12T15:35:43","slug":"calendario-tentativo-2020","status":"publish","type":"page","link":"https:\/\/isfd805-chu.infd.edu.ar\/sitio\/calendario-tentativo-2020\/","title":{"rendered":"Calendario Tentativo 2020"},"content":{"rendered":"<hr \/>\n<p class=\"Resaltado1\" style=\"text-align: center;\"><span style=\"font-size: 18pt;\"><strong><span style=\"font-family: tahoma,arial,helvetica,sans-serif;\">Calendario tentativo <\/span><\/strong><\/span><\/p>\n<p class=\"Resaltado1\" style=\"text-align: center;\"><span style=\"font-size: 14pt;\"><strong><span style=\"font-family: tahoma,arial,helvetica,sans-serif;\">-CICLO LECTIVO 2020-<\/span><\/strong><\/span><\/p>\n<address>\u00a0<\/address>\n<address>\u00a0<\/address>\n<address><span style=\"font-size: 12pt;\"><strong><span style=\"text-decoration: underline;\">Calendario escolar<\/span><\/strong>: <span style=\"color: #339966;\">18\/02 al 18\/12<\/span><\/span><\/address>\n<address>Reuni\u00f3n con coordinadores: 18\/02\/20<\/address>\n<address>Reuni\u00f3n con plantel docente: 19\/02\/20<\/address>\n<address>INSCRIPCIONES<\/address>\n<address>Confirmaci\u00f3n presencial con documentaci\u00f3n requerida: del 26\/2 al 6\/3 de 2020.<\/address>\n<address><span style=\"font-size: 12pt;\"><span style=\"font-size: 12pt;\"><span style=\"color: #339966;\">Trayecto Introductorio Profesorados y Locuci\u00f3n: 2\/03 al 20\/03<\/span><\/span><\/span><\/address>\n<address><span style=\"font-size: 12pt;\"><span style=\"color: #339966;\">Trayecto Introductorio Tecnicatura en Gesti\u00f3n Cultural: 16 al 20\/03<\/span><\/span><\/address>\n<address>\u00a0<\/address>\n<address>\u00a0<\/address>\n<address>\u00a0<\/address>\n<address>Extensi\u00f3n de cursada. Espacios de formaci\u00f3n general y espec\u00edfica y Locuci\u00f3n: 26\/2 al 20\/03 de 2020.<\/address>\n<address>Pr\u00e1ctica Profesional Docente: hasta el 17\/04\/20.<\/address>\n<address>\u00a0<\/address>\n<address>Comienzo de clases de Formaci\u00f3n Art\u00edstica\u00a0 Vocacional: 16 de marzo de 2020.<\/address>\n<address>Inicio de Clases Profesorados, Locuci\u00f3n y Gesti\u00f3n Cultural: 30\/03\/2020<\/address>\n<address>\u00a0<\/address>\n<address>Receso invernal:6 al 17 de julio<\/address>\n<address>\u00a0<\/address>\n<p><strong><span style=\"font-size: 10pt;\"><span style=\"font-family: tahoma, arial, helvetica, sans-serif;\"><span style=\"text-decoration: underline;\">Mesas de ex\u00e1menes Finales:<\/span><\/span>\u00a0<\/span><\/strong><strong>\u00a0\u00a0\u00a0\u00a0\u00a0\u00a0<\/strong><strong>\u00a0\u00a0<em>\u00a0<\/em>\u00a0\u00a0\u00a0\u00a0\u00a0<\/strong><\/p>\n<table style=\"width: 100%;\" border=\"1\" cellspacing=\"0\">\n<tbody>\n<tr>\n<td style=\"background-color: #297cd5; text-align: center;\"><strong>Instancia Marzo<\/strong><\/td>\n<td style=\"background-color: #297cd5; text-align: center;\"><strong>Instancia Julio<\/strong><\/td>\n<td style=\"background-color: #297cd5; text-align: center;\"><strong>Instancia Diciembre<\/strong><\/td>\n<\/tr>\n<tr>\n<td>&nbsp;<\/p>\n<p style=\"text-align: center;\"><strong>Inscripci\u00f3n<\/strong>:<\/p>\n<p style=\"text-align: center;\">2 al 6 de marzo<\/p>\n<p style=\"text-align: center;\"><strong>Mesas<\/strong>:<\/p>\n<p style=\"text-align: center;\">9 al 20 de marzo<\/p>\n<p style=\"text-align: center;\">\n<\/td>\n<td>\n<p style=\"text-align: center;\"><strong>Inscripci\u00f3n:<\/strong><\/p>\n<p style=\"text-align: center;\"><strong>Mesas<\/strong>:<\/p>\n<p style=\"text-align: center;\">\n<\/td>\n<td>\n<p style=\"text-align: center;\"><strong>Inscripci\u00f3n<\/strong>:<\/p>\n<p style=\"text-align: center;\"><strong>\u00a0<\/strong><\/p>\n<p style=\"text-align: center;\"><strong>Mesas: <\/strong><\/p>\n<p style=\"text-align: center;\">\n<\/td>\n<\/tr>\n<\/tbody>\n<\/table>\n<p><span style=\"text-decoration: underline;\">Instancia Mesas Extraordinarias<\/span>:<\/p>\n<ul>\n<li>Mayo y Septiembre: se dar\u00e1n a conocer oportunamente las fechas.<\/li>\n<\/ul>\n<p class=\"Resaltado2\"><span style=\"font-size: 12pt;\">\u00a0\u00a0\u00a0 <strong>SEMANA DE LAS ARTES<\/strong>:\u00a0<\/span><strong>\u00a0 \u00a0 \u00a0 \u00a0 \u00a0 \u00a0 \u00a0 \u00a0 \u00a0 \u00a0 \u00a0 \u00a0 \u00a0 \u00a0 \u00a0 \u00a0 \u00a0 \u00a0 \u00a0 \u00a0 \u00a0 \u00a0 \u00a0 \u00a0 \u00a0 \u00a0 \u00a0 \u00a0\u00a0<\/strong><\/p>\n<p style=\"text-align: center;\">\u00a0 \u00a0Septiembre.<\/p>\n","protected":false},"excerpt":{"rendered":"<p>Calendario tentativo -CICLO LECTIVO 2020- \u00a0 \u00a0 Calendario escolar: 18\/02 al 18\/12 Reuni\u00f3n con coordinadores: 18\/02\/20 Reuni\u00f3n con plantel docente: 19\/02\/20 INSCRIPCIONES Confirmaci\u00f3n presencial con documentaci\u00f3n requerida: del 26\/2 al 6\/3 de 2020. Trayecto Introductorio Profesorados y Locuci\u00f3n: 2\/03 al 20\/03 Trayecto Introductorio Tecnicatura en Gesti\u00f3n Cultural: 16 al 20\/03 \u00a0 \u00a0 \u00a0 Extensi\u00f3n de &#8230; <a title=\"Calendario Tentativo 2020\" class=\"read-more\" href=\"https:\/\/isfd805-chu.infd.edu.ar\/sitio\/calendario-tentativo-2020\/\" aria-label=\"More on Calendario Tentativo 2020\">[+]<\/a><\/p>\n","protected":false},"author":985,"featured_media":0,"parent":0,"menu_order":0,"comment_status":"closed","ping_status":"closed","template":"","meta":[],"acf":[],"_links":{"self":[{"href":"https:\/\/isfd805-chu.infd.edu.ar\/sitio\/wp-json\/wp\/v2\/pages\/1911"}],"collection":[{"href":"https:\/\/isfd805-chu.infd.edu.ar\/sitio\/wp-json\/wp\/v2\/pages"}],"about":[{"href":"https:\/\/isfd805-chu.infd.edu.ar\/sitio\/wp-json\/wp\/v2\/types\/page"}],"author":[{"embeddable":true,"href":"https:\/\/isfd805-chu.infd.edu.ar\/sitio\/wp-json\/wp\/v2\/users\/985"}],"replies":[{"embeddable":true,"href":"https:\/\/isfd805-chu.infd.edu.ar\/sitio\/wp-json\/wp\/v2\/comments?post=1911"}],"version-history":[{"count":4,"href":"https:\/\/isfd805-chu.infd.edu.ar\/sitio\/wp-json\/wp\/v2\/pages\/1911\/revisions"}],"predecessor-version":[{"id":2425,"href":"https:\/\/isfd805-chu.infd.edu.ar\/sitio\/wp-json\/wp\/v2\/pages\/1911\/revisions\/2425"}],"wp:attachment":[{"href":"https:\/\/isfd805-chu.infd.edu.ar\/sitio\/wp-json\/wp\/v2\/media?parent=1911"}],"curies":[{"name":"wp","href":"https:\/\/api.w.org\/{rel}","templated":true}]}}