{"id":1864,"date":"2018-08-30T17:57:01","date_gmt":"2018-08-30T20:57:01","guid":{"rendered":"https:\/\/isfd805-chu.infd.edu.ar\/sitio\/i-s-f-d-a-n-805\/"},"modified":"2025-03-15T09:58:33","modified_gmt":"2025-03-15T12:58:33","slug":"i-s-f-d-a-n-805","status":"publish","type":"page","link":"https:\/\/isfd805-chu.infd.edu.ar\/sitio\/i-s-f-d-a-n-805\/","title":{"rendered":"I.S.F.D.A. N\u00b0 805"},"content":{"rendered":"<p class=\"Resaltado2\" style=\"text-align: center;\"><span style=\"font-size: 14pt;\">Instituto Superior de Formaci\u00f3n Docente Art\u00edstica N\u00b0 805<\/span><\/p>\n<p style=\"text-align: right;\"><strong><span style=\"font-family: arial black,avant garde;\"><em><span style=\"font-size: 8pt;\"><span style=\"font-family: tahoma,arial,helvetica,sans-serif;\"><span style=\"font-size: 10pt;\">\u00abLa educaci\u00f3n art\u00edstica asegura un proceso en el que se involucra lo sensorial, lo emocional,<\/span><\/span><\/span><\/em><\/span><\/strong><\/p>\n<p style=\"text-align: right;\"><strong><span style=\"font-family: arial black,avant garde;\"><em><span style=\"font-size: 8pt;\"><span style=\"font-family: tahoma,arial,helvetica,sans-serif;\"><span style=\"font-size: 10pt;\"><span style=\"font-family: tahoma,arial,helvetica,sans-serif;\">\u00a0lo afectivo y lo intelectual, dado que en todo entrenamiento art\u00edstico<\/span><\/span><\/span><\/span><\/em><\/span><\/strong><\/p>\n<p style=\"text-align: right;\"><strong><span style=\"font-family: arial black,avant garde;\"><em><span style=\"font-size: 8pt;\"><span style=\"font-family: tahoma,arial,helvetica,sans-serif;\"><span style=\"font-size: 10pt;\"><span style=\"font-family: tahoma,arial,helvetica,sans-serif;\">\u00a0se compromete la percepci\u00f3n, el pensamiento y la acci\u00f3n corporal, desencadenando<\/span><\/span><\/span><\/span><\/em><\/span><\/strong><\/p>\n<p style=\"text-align: right;\"><strong><span style=\"font-family: arial black,avant garde;\"><em><span style=\"font-size: 8pt;\"><span style=\"font-family: tahoma,arial,helvetica,sans-serif;\"><span style=\"font-size: 10pt;\"><span style=\"font-family: tahoma,arial,helvetica,sans-serif;\">mecanismos que expresan distintas y complejas capacidades.<\/span><\/span><\/span><\/span><\/em><\/span><\/strong><\/p>\n<p style=\"text-align: right;\"><strong><span style=\"font-family: arial black,avant garde;\"><em><span style=\"font-size: 8pt;\"><span style=\"font-family: tahoma,arial,helvetica,sans-serif;\"><span style=\"font-size: 10pt;\"><span style=\"font-family: tahoma,arial,helvetica,sans-serif;\">Entre las cuales desempe\u00f1a un papel importante la imaginaci\u00f3n creadora\u00bb.<\/span><\/span><\/span><\/span><\/em><\/span><\/strong><\/p>\n<p style=\"text-align: right;\"><strong><span style=\"font-family: tahoma,arial,helvetica,sans-serif;\"><span style=\"font-size: 10pt;\">Dise\u00f1o Curricular EGB1<\/span><\/span><\/strong><\/p>\n<p><span style=\"font-family: tahoma,arial,helvetica,sans-serif;\"><span style=\"font-size: 10pt;\">En el marco de la transformaci\u00f3n educativa de la Ley Federal de Educaci\u00f3n N\u00ba 24195, el Documento Marco Serie A N\u00ba 20 define a la Ecuaci\u00f3n Art\u00edstica como R\u00e9gimen Especial.<\/span><\/span><\/p>\n<p><span style=\"font-family: tahoma,arial,helvetica,sans-serif;\"><span style=\"font-size: 8pt;\"><span style=\"font-family: tahoma,arial,helvetica,sans-serif;\"><span style=\"font-size: 10pt;\">El ISFDA N\u00ba 805 ofrece los profesorados en M\u00fasica, Artes Visuales y Teatro.<\/span><\/span><\/span><\/span><\/p>\n<table style=\"height: 177px; border: 1px solid #000080;\" border=\"1\" width=\"1019\" cellspacing=\"0\">\n<tbody>\n<tr>\n<td style=\"width: 25%; background-color: #c4d3f3; text-align: center; border: #000080 1px solid;\"><span style=\"font-size: 10pt;\"><strong><span style=\"font-family: tahoma,arial,helvetica,sans-serif;\"><span style=\"color: #000080;\">Profesorado|<\/span><\/span><\/strong><\/span><\/td>\n<td style=\"width: 25%; background-color: #c4d3f3; text-align: center; border: #000080 1px solid;\"><span style=\"font-size: 10pt;\"><strong><span style=\"font-family: tahoma,arial,helvetica,sans-serif;\"><span style=\"color: #000080;\">T\u00edtulo<\/span><\/span><\/strong><\/span><\/td>\n<td style=\"background-color: #c4d3f3; text-align: center; border: #000080 1px solid;\"><span style=\"font-size: 10pt;\"><strong><span style=\"font-family: tahoma,arial,helvetica,sans-serif;\"><span style=\"color: #000080;\">Incumbencia Profesional<\/span><\/span><\/strong><\/span><\/td>\n<\/tr>\n<tr>\n<td style=\"width: 25%; text-align: center; border: #000080 1px solid;\"><a title=\"index.cgi?wid_seccion=2\" href=\"index.cgi?wid_seccion=2\"><span style=\"font-size: 10pt;\"><strong><span style=\"font-family: tahoma,arial,helvetica,sans-serif;\"><span style=\"color: #3366ff;\">M\u00fasica<\/span><\/span><\/strong><\/span><\/a><\/td>\n<td style=\"width: 25%; text-align: center; border: #000080 1px solid;\"><span style=\"font-size: 10pt;\"><span style=\"font-family: tahoma,arial,helvetica,sans-serif;\">Profesor en M\u00fasica<\/span><\/span><\/td>\n<td style=\"width: 50%; text-align: left; border: #000080 1px solid;\" rowspan=\"3\">\n<p style=\"text-align: left; padding-left: 30px;\"><span style=\"font-size: 10pt;\"><span style=\"font-family: tahoma,arial,helvetica,sans-serif;\">Podr\u00e1 desempe\u00f1arse como: Profesor de Nivel Inicial, Educaci\u00f3n General B\u00e1sica 1, 2 y 3, Nivel Polimodal y en el Nivel B\u00e1sico de la Formaci\u00f3n Art\u00edstica: Trayecto Art\u00edstico Profesional (TAP) y Ciclo Introductorio.<\/span><\/span><\/p>\n<\/td>\n<\/tr>\n<tr>\n<td style=\"width: 25%; text-align: center; border: #000080 1px solid;\"><a title=\"index.cgi?wid_seccion=3\" href=\"index.cgi?wid_seccion=3\"><span style=\"font-size: 10pt;\"><strong><span style=\"font-family: tahoma,arial,helvetica,sans-serif;\"><span style=\"color: #3366ff;\">Artes Visuales<\/span><\/span><\/strong><\/span><\/a><\/td>\n<td style=\"width: 25%; text-align: center; border: #000080 1px solid;\"><span style=\"font-size: 10pt;\"><span style=\"font-family: tahoma,arial,helvetica,sans-serif;\">Profesor en Artes Visuales<\/span><\/span><\/td>\n<\/tr>\n<tr>\n<td style=\"width: 25%; text-align: center; border: #000080 1px solid;\"><a title=\"index.cgi?wid_seccion=4\" href=\"index.cgi?wid_seccion=4\"><span style=\"font-size: 10pt;\"><strong><span style=\"font-family: tahoma,arial,helvetica,sans-serif;\"><span style=\"color: #3366ff;\">Teatro<\/span><\/span><\/strong><\/span><\/a><\/td>\n<td style=\"width: 25%; text-align: center; border: #000080 1px solid;\"><span style=\"font-size: 10pt;\"><span style=\"font-family: tahoma,arial,helvetica,sans-serif;\">Profesor en Teatro<\/span><\/span><\/td>\n<\/tr>\n<\/tbody>\n<\/table>\n<table style=\"width: 100%;\" border=\"0\">\n<tbody>\n<tr>\n<td style=\"width: 40%; height: 50px; text-align: justify; border: #000080 1px solid;\" valign=\"top\">\n<p class=\"MsoNormal\" style=\"text-align: justify;\"><span style=\"font-family: tahoma,arial,helvetica,sans-serif;\"><strong><span lang=\"ES-TRAD\"><span style=\"font-size: 10pt;\">Los ingresantes<\/span><\/span><\/strong><span lang=\"ES-TRAD\" style=\"font-size: 9pt;\"><span style=\"font-family: tahoma,arial,helvetica,sans-serif;\"><span style=\"font-size: 10pt;\"><span style=\"font-family: tahoma,arial,helvetica,sans-serif;\">:<\/span><\/span><\/span><\/span><\/span><\/p>\n<p><span style=\"font-family: tahoma,arial,helvetica,sans-serif;\"><span style=\"font-size: 10pt;\"><span style=\"font-family: tahoma,arial,helvetica,sans-serif;\"><span style=\"font-size: 10pt;\"><span lang=\"ES-TRAD\">Es requisito haber aprobado la Educaci\u00f3n Polimodal o Nivel Medio, y haber cursado y <\/span><span lang=\"ES-TRAD\">aprobado el Nivel B\u00e1sico o acreditar competencias equivalentes, seg\u00fan las necesidades de cada <\/span><span lang=\"ES-TRAD\">especialidad art\u00edstica.<\/span><\/span><\/span><\/span><\/span><\/td>\n<td style=\"padding-left: 30px; text-align: justify;\" rowspan=\"2\"><span style=\"font-size: 10pt;\"><span style=\"font-family: tahoma,arial,helvetica,sans-serif;\"><span lang=\"ES-TRAD\">A lo largo del trayecto de los profesorados se realizan varios trabajos en calidad de <strong>muestra,\u00a0 audici\u00f3n, exposici\u00f3n, recital, competencia, producci\u00f3n y presentaci\u00f3n frente a p\u00fablico<\/strong>. Estas instancias permiten consolidar y poner en pr\u00e1ctica los conocimientos adquiridos, brind\u00e1ndole al estudiante la posibilidad de ejercitar su exposici\u00f3n, adem\u00e1s de autoevaluarse en cuanto a su capacidad creativa e interpretativa.<\/span><\/span><\/span><\/td>\n<\/tr>\n<tr>\n<td><\/td>\n<\/tr>\n<\/tbody>\n<\/table>\n<hr \/>\n<p style=\"text-align: justify;\"><span style=\"font-family: tahoma,arial,helvetica,sans-serif;\"><span style=\"font-size: 10pt;\">El Instituto promueve la formaci\u00f3n de especialistas en arte que contribuyan al desarrollo del pensamiento cr\u00edtico y reflexivo como al de las potencialidades expresivas y comunicativas que implican la producci\u00f3n y apreciaci\u00f3n del entorno cultural y la promoci\u00f3n y protecci\u00f3n del patrimonio a trav\u00e9s del aprovechamiento de las capacidades creativas.<\/span><\/span><\/p>\n<p style=\"text-align: justify;\"><span style=\"font-family: tahoma,arial,helvetica,sans-serif;\"><span style=\"font-size: 10pt;\">Con el dise\u00f1o curricular se busca que el docente conozca y respete las diferentes posturas acerca del arte y la cultura, los modos de actuaci\u00f3n; que promueva el desarrollo cognitivo de los alumnos y regule sus intervenciones en funci\u00f3n de las necesidades de aprendizaje de los mismos y del contexto en el cual se producen. Asimismo, que sea capaz de resolver situaciones reales, aplicando diversas t\u00e9cnicas del campo art\u00edstico en el marco de valores compartidos que propendan la satisfacci\u00f3n de necesidades sociales.<\/span><\/span><\/p>\n<table style=\"width: 100%;\" border=\"0\">\n<tbody>\n<tr>\n<td style=\"width: 50%;\" align=\"left\" valign=\"top\">\n<p style=\"text-align: center;\"><span style=\"font-family: tahoma,arial,helvetica,sans-serif;\"><span style=\"font-size: 10pt;\"><strong><span style=\"color: #3366ff;\">SEDE TRELEW<\/span><\/strong><\/span><\/span><\/p>\n<p><span style=\"font-family: tahoma,arial,helvetica,sans-serif;\"><span style=\"font-size: 10pt;\">Horario: Lunes a Viernes de 08:00 a 22hs.<br \/>\n<\/span><\/span><span style=\"font-family: tahoma,arial,helvetica,sans-serif;\"><span style=\"font-size: 10pt;\">Direcci\u00f3n: Roque Gonz\u00e1lez y Jos\u00e9 Berreta<br \/>\n<\/span><\/span><span style=\"font-family: tahoma,arial,helvetica,sans-serif;\"><span style=\"font-size: 10pt;\">Trelew (9100) &#8211; Chubut<br \/>\n<\/span><\/span><span style=\"font-family: tahoma,arial,helvetica,sans-serif;\"><span style=\"font-size: 10pt;\">Tel\u00e9fono: (0280) 4427668<br \/>\nE-Mail: <a href=\"mailto:isfd805@chubut.edu.ar\" target=\"_blank\" rel=\"noopener\">isfd805@chubut.edu.ar<\/a><\/span><\/span><\/td>\n<td style=\"width: 50%;\" align=\"left\" valign=\"top\">\n<p style=\"text-align: center;\"><span style=\"font-family: tahoma,arial,helvetica,sans-serif;\"><span style=\"font-size: 10pt;\"><strong><span style=\"color: #3366ff;\">ANEXO GAIMAN<\/span><\/strong><\/span><\/span><\/p>\n<p><span style=\"font-family: tahoma,arial,helvetica,sans-serif;\"><span style=\"font-size: 10pt;\">Horario: Lunes a Viernes de 15 a 20hs.<br \/>\n<\/span><\/span><span style=\"font-family: tahoma,arial,helvetica,sans-serif;\"><span style=\"font-size: 10pt;\">Direcci\u00f3n: Av. Tello\u00a0384<br \/>\n<\/span><\/span><span style=\"font-family: tahoma,arial,helvetica,sans-serif;\"><span style=\"font-size: 10pt;\">Gaiman (9105) &#8211; Chubut<br \/>\n<\/span><\/span><span style=\"font-family: tahoma,arial,helvetica,sans-serif;\"><span style=\"font-size: 10pt;\">Tel\u00e9fono: (0280) 4491601<br \/>\nE-Mail:<\/span><\/span><span style=\"font-family: tahoma,arial,helvetica,sans-serif;\"><span style=\"font-size: 10pt;\"> <a href=\"mailto:emggaiman@gmail.com\" target=\"_blank\" rel=\"noopener noreferrer\">emggaiman@gmail.com<\/a><\/span><\/span><\/td>\n<\/tr>\n<tr>\n<td><\/td>\n<td><\/td>\n<\/tr>\n<tr>\n<td style=\"width: 50%;\" align=\"left\" valign=\"top\">\n<p style=\"text-align: center;\"><span style=\"font-family: tahoma,arial,helvetica,sans-serif;\"><span style=\"font-size: 10pt;\"><span style=\"color: #0000ff;\"><strong><span style=\"color: #3366ff;\">ANEXO PUERTO MADRYN<\/span><\/strong><\/span><\/span><\/span><\/p>\n<p><span style=\"font-family: tahoma,arial,helvetica,sans-serif;\"><span style=\"font-size: 10pt;\">Horario: Lunes a Viernes de 18\u00a0a 22hs.<\/span><\/span><span style=\"font-family: tahoma,arial,helvetica,sans-serif;\"><span style=\"font-size: 10pt;\">\u00a0 Direcci\u00f3n: San Mart\u00edn 1904<br \/>\n<\/span><\/span><span style=\"font-family: tahoma,arial,helvetica,sans-serif;\"><span style=\"font-size: 10pt;\">Puerto Madryn (9120) &#8211; Chubut<br \/>\n<\/span><\/span><span style=\"font-family: tahoma,arial,helvetica,sans-serif;\"><span style=\"font-size: 10pt;\">Tel\u00e9fono: (0280) 4451676<br \/>\n<\/span><\/span><span style=\"font-family: tahoma,arial,helvetica,sans-serif;\"><span style=\"font-size: 10pt;\">E-Mail: <a href=\"mailto:madryn805@gmail.com\" target=\"_blank\" rel=\"noopener noreferrer\">madryn805@gmail.com<\/a><\/span><\/span><\/td>\n<td style=\"width: 50%;\" align=\"left\" valign=\"top\">\n<p style=\"text-align: center;\"><span style=\"font-family: tahoma,arial,helvetica,sans-serif;\"><span style=\"font-size: 10pt;\"><strong><span style=\"color: #3366ff;\">ANEXO RAWSON<\/span><\/strong><\/span><\/span><\/p>\n<p><span style=\"font-family: tahoma,arial,helvetica,sans-serif;\"><span style=\"font-size: 10pt;\">Horario:18,30 a 22 hs.<br \/>\n<\/span><\/span><span style=\"font-family: tahoma,arial,helvetica,sans-serif;\"><span style=\"font-size: 10pt;\">Direcci\u00f3n: Luis Gonz\u00e1lez y Murga.<br \/>\n<\/span><\/span><span style=\"font-family: tahoma,arial,helvetica,sans-serif;\"><span style=\"font-size: 10pt;\">Rawson (9103) &#8211; Chubut<br \/>\n<\/span><\/span><span style=\"font-family: tahoma,arial,helvetica,sans-serif;\"><span style=\"font-size: 10pt;\">Tel\u00e9fono: (0280) 4483692<br \/>\n<\/span><\/span><span style=\"font-family: tahoma,arial,helvetica,sans-serif;\"><span style=\"font-size: 10pt;\">E-Mail: <a href=\"mailto:805rawson@gmail.com\">805rawson@gmail.com<\/a><\/span><\/span><\/td>\n<\/tr>\n<tr>\n<td style=\"width: 50%;\" align=\"left\" valign=\"top\">\n<p style=\"text-align: center;\"><span style=\"font-family: tahoma,arial,helvetica,sans-serif;\"><span style=\"font-size: 10pt;\"><span style=\"color: #0000ff;\"><strong><span style=\"color: #3366ff;\">ANEXO\u00a028 DE JULIO<\/span><\/strong><\/span><\/span><\/span><\/p>\n<p style=\"text-align: left;\"><span style=\"font-family: tahoma, arial, helvetica, sans-serif; color: #000000;\"><span style=\"font-size: 10pt;\"><span style=\"color: #000000;\">Horario: Lunes a Viernes de 15\u00a0a 20hs.<\/span><br \/>\n<span style=\"color: #000000;\">Direcci\u00f3n: Escuela Municipal de m\u00fasica (Elmer Davies de Mac Donald)<\/span><br \/>\n<span style=\"color: #000000;\">28 de Julio\u00a0(9107) &#8211; Chubut<\/span><br \/>\n<span style=\"color: #000000;\">E-Mail:<\/span><span style=\"color: #0000ff;\"> <a href=\"mailto:isfda80528dejulio@gmail.com\" target=\"_blank\" rel=\"noopener noreferrer\">isfda80528dejulio@gmail.com<\/a><\/span><\/span><\/span><\/p>\n<\/td>\n<td style=\"width: 50%; text-align: left;\" align=\"left\" valign=\"top\"><\/td>\n<\/tr>\n<\/tbody>\n<\/table>\n<p style=\"text-align: left;\">\n","protected":false},"excerpt":{"rendered":"<p>Instituto Superior de Formaci\u00f3n Docente Art\u00edstica N\u00b0 805 \u00abLa educaci\u00f3n art\u00edstica asegura un proceso en el que se involucra lo sensorial, lo emocional, \u00a0lo afectivo y lo intelectual, dado que en todo entrenamiento art\u00edstico \u00a0se compromete la percepci\u00f3n, el pensamiento y la acci\u00f3n corporal, desencadenando mecanismos que expresan distintas y complejas capacidades. Entre las cuales &#8230; <a title=\"I.S.F.D.A. N\u00b0 805\" class=\"read-more\" href=\"https:\/\/isfd805-chu.infd.edu.ar\/sitio\/i-s-f-d-a-n-805\/\" aria-label=\"More on I.S.F.D.A. N\u00b0 805\">[+]<\/a><\/p>\n","protected":false},"author":985,"featured_media":0,"parent":0,"menu_order":0,"comment_status":"closed","ping_status":"closed","template":"","meta":[],"acf":[],"_links":{"self":[{"href":"https:\/\/isfd805-chu.infd.edu.ar\/sitio\/wp-json\/wp\/v2\/pages\/1864"}],"collection":[{"href":"https:\/\/isfd805-chu.infd.edu.ar\/sitio\/wp-json\/wp\/v2\/pages"}],"about":[{"href":"https:\/\/isfd805-chu.infd.edu.ar\/sitio\/wp-json\/wp\/v2\/types\/page"}],"author":[{"embeddable":true,"href":"https:\/\/isfd805-chu.infd.edu.ar\/sitio\/wp-json\/wp\/v2\/users\/985"}],"replies":[{"embeddable":true,"href":"https:\/\/isfd805-chu.infd.edu.ar\/sitio\/wp-json\/wp\/v2\/comments?post=1864"}],"version-history":[{"count":5,"href":"https:\/\/isfd805-chu.infd.edu.ar\/sitio\/wp-json\/wp\/v2\/pages\/1864\/revisions"}],"predecessor-version":[{"id":5623,"href":"https:\/\/isfd805-chu.infd.edu.ar\/sitio\/wp-json\/wp\/v2\/pages\/1864\/revisions\/5623"}],"wp:attachment":[{"href":"https:\/\/isfd805-chu.infd.edu.ar\/sitio\/wp-json\/wp\/v2\/media?parent=1864"}],"curies":[{"name":"wp","href":"https:\/\/api.w.org\/{rel}","templated":true}]}}