{"id":1835,"date":"2018-08-30T17:56:51","date_gmt":"2018-08-30T20:56:51","guid":{"rendered":"https:\/\/isfd805-chu.infd.edu.ar\/sitio\/talleres\/"},"modified":"2025-05-13T19:25:31","modified_gmt":"2025-05-13T22:25:31","slug":"fav","status":"publish","type":"page","link":"https:\/\/isfd805-chu.infd.edu.ar\/sitio\/fav\/","title":{"rendered":"Formaci\u00f3n Art\u00edstica Vocacional"},"content":{"rendered":"<p><span style=\"line-height: 115%; font-family: Tahoma; font-size: 14pt;\"><span style=\"color: #000000;\">El espacio de Formaci\u00f3n Art\u00edstica Vocacional &#8211; FAV- est\u00e1 destinado a ni\u00f1os, j\u00f3venes y adultos con o sin experiencia en los lenguajes art\u00edsticos, el \u00fanico requisito es querer aprender, experimentar y compartir lo que ofrecen los distintos talleres que componen la oferta educativa. <\/span><\/span><\/p>\n<p><span style=\"line-height: 115%; font-family: Tahoma; font-size: 14pt;\"><span style=\"color: #000000;\">Los estudiantes tienen su propio perfil y experiencia, matices de una poblaci\u00f3n con distintas expectativas a satisfacer y muchos de ellos acceden al FAV como instancia previa\u00a0 los profesorados con el objetivo de desarrollar habilidades y condiciones t\u00e9cnicas b\u00e1sicas.<\/span><\/span><\/p>\n<p><span style=\"line-height: 115%; font-family: Tahoma; font-size: 14pt;\"><span style=\"color: #000000;\">El Instituto Superior de Formaci\u00f3n Docente Art\u00edstica N\u00ba 805 (I.S.F.D.A) \u201cClydwyn Ap Aeron Jones\u201d, sede central en Trelew y sus anexos: Gaiman, Puerto Madryn, Rawson y 28 de Julio, ofrecen estos talleres\u00a0<\/span><\/span><span style=\"line-height: 115%; font-family: Tahoma; font-size: 14pt;\"><span style=\"color: #000000;\">de Formaci\u00f3n Art\u00edstica Vocacional.<\/span><\/span><\/p>\n<h5 class=\"MsoNormal\" style=\"margin: 0cm 0cm 10pt; text-align: center;\"><a href=\"https:\/\/isfd805-chu.infd.edu.ar\/sitio\/wp-content\/uploads\/2025\/05\/Proyecto-Formacio\u0301n-Arti\u0301stica-Vocacional.pdf\">&#8212;&gt; Descargar proyecto de Formaci\u00f3n Art\u00edstica Vocacional\u00a0 &lt;&#8212;<\/a><\/h5>\n","protected":false},"excerpt":{"rendered":"<p>El espacio de Formaci\u00f3n Art\u00edstica Vocacional &#8211; FAV- est\u00e1 destinado a ni\u00f1os, j\u00f3venes y adultos con o sin experiencia en los lenguajes art\u00edsticos, el \u00fanico requisito es querer aprender, experimentar y compartir lo que ofrecen los distintos talleres que componen la oferta educativa. Los estudiantes tienen su propio perfil y experiencia, matices de una poblaci\u00f3n &#8230; <a title=\"Formaci\u00f3n Art\u00edstica Vocacional\" class=\"read-more\" href=\"https:\/\/isfd805-chu.infd.edu.ar\/sitio\/fav\/\" aria-label=\"More on Formaci\u00f3n Art\u00edstica Vocacional\">[+]<\/a><\/p>\n","protected":false},"author":985,"featured_media":0,"parent":0,"menu_order":0,"comment_status":"closed","ping_status":"closed","template":"","meta":[],"acf":[],"_links":{"self":[{"href":"https:\/\/isfd805-chu.infd.edu.ar\/sitio\/wp-json\/wp\/v2\/pages\/1835"}],"collection":[{"href":"https:\/\/isfd805-chu.infd.edu.ar\/sitio\/wp-json\/wp\/v2\/pages"}],"about":[{"href":"https:\/\/isfd805-chu.infd.edu.ar\/sitio\/wp-json\/wp\/v2\/types\/page"}],"author":[{"embeddable":true,"href":"https:\/\/isfd805-chu.infd.edu.ar\/sitio\/wp-json\/wp\/v2\/users\/985"}],"replies":[{"embeddable":true,"href":"https:\/\/isfd805-chu.infd.edu.ar\/sitio\/wp-json\/wp\/v2\/comments?post=1835"}],"version-history":[{"count":7,"href":"https:\/\/isfd805-chu.infd.edu.ar\/sitio\/wp-json\/wp\/v2\/pages\/1835\/revisions"}],"predecessor-version":[{"id":5872,"href":"https:\/\/isfd805-chu.infd.edu.ar\/sitio\/wp-json\/wp\/v2\/pages\/1835\/revisions\/5872"}],"wp:attachment":[{"href":"https:\/\/isfd805-chu.infd.edu.ar\/sitio\/wp-json\/wp\/v2\/media?parent=1835"}],"curies":[{"name":"wp","href":"https:\/\/api.w.org\/{rel}","templated":true}]}}